7*u - 1. Suppose -2*r = 2*q + 6, 2*q + 2*q = 3*r - 26. What is the tens digit of o(q)?
1
Let t be 0/(-1) - (0 + -12). Suppose 24 = 5*m - z, 2*m + 0 = z + t. Suppose 0*l + m = 2*l. What is the units digit of l?
2
Let c(s) be the third derivative of -s**6/24 - s**5/30 + s**3/6 + s**2. Let p(b) = -b + 6. Let m be p(7). What is the units digit of c(m)?
4
Suppose -23 = -2*i - 3*g, 0*g = -g - 3. Suppose -4*f + i = 4*m, m = 4*f + 30 - 11. What is the units digit of m?
7
Suppose -2 + 52 = 5*z. Let r be 2/(8/(-12)*-1). Suppose 2*n + 2*t - 14 = 0, z = -r*t - 2. What is the units digit of n?
1
Suppose -2*z + 14 = -110. Suppose 2*g = u + z, g - 2*u = -0*g + 25. What is the tens digit of g?
3
Let w(m) = m**3 + 12*m**2 + 11*m + 3. Let s be w(-11). What is the units digit of (s/(-4))/(4/(-32))?
6
Let g(k) = -14*k - 7. What is the tens digit of g(-5)?
6
Let o = -9 + 16. Suppose 0 = 2*x + 1 + 5. Let r = x + o. What is the units digit of r?
4
Let f = 13 + -8. Suppose 0 = -3*u + f*u. Suppose 4*o + 5 - 21 = u. What is the units digit of o?
4
Suppose -2*v = 2*v - 384. What is the tens digit of v?
9
Let z be 1 + 2 + -2 + 7. Let c = z - 7. What is the units digit of c?
1
Suppose f = 3*q - 0*f - 9, 2*q = -2*f + 14. Suppose -78 = -q*v - d - 7, 5*v = -3*d + 94. What is the units digit of v?
7
Let y(l) = -14*l + 1. Suppose 12 = -j - 2*m - 3*m, -3*m = -3*j. What is the units digit of y(j)?
9
Let j be (-15)/(-10) - (-2)/4. Suppose -j*m = -2*t, 3*m - 5*t + 3*t = 5. Suppose m*o - 44 = 26. What is the tens digit of o?
1
Let v = 17 - 26. Let a = v + 14. Suppose 4*h - 21 - 19 = -a*b, 0 = b - 4*h + 16. What is the units digit of b?
4
Let j = 232 + -145. What is the tens digit of j?
8
Let h be (-13)/(-4) + (-1)/4. Suppose -2*z + h*v = -3*z + 33, -167 = -4*z - 5*v. What is the units digit of z?
8
Let q = 21 + -1. Suppose -2*j + 0*n - 10 = -4*n, 4*j = -n + 16. Suppose -j*c + v + q = 6*v, 2*v + 10 = 0. What is the units digit of c?
5
Let u(m) = 0*m - 2*m + 0*m + 6. Let d be u(6). What is the units digit of (-2)/(-6) - 58/d?
0
Suppose -54 = 28*i - 29*i. What is the tens digit of i?
5
Let r = -2 + 2. Suppose 5*t - 25 = t - 5*h, -t - 3*h + 8 = r. Let y(a) = -a**3 + 4*a**2 + 6*a + 2. What is the units digit of y(t)?
7
Let x(a) = -a**2 - 8*a + 8. Let c be x(-9). Let j(i) = -4*i**2 - i. Let q(r) = r**2. Let v(z) = -j(z) + 4*q(z). What is the units digit of v(c)?
7
Let r = 8 - 24. Let m be 78/4 - (-24)/r. Suppose h = 4*h - m. What is the units digit of h?
6
Let b = 6 - 12. Let u be 0 - b/3*2. Suppose 2*q + 1 = q - 4*k, u = 2*q + 5*k. What is the units digit of q?
7
Let k be (-4)/14 + 46/14. Suppose 2*g + 5 = -k*d, -26 - 24 = 5*d - 5*g. What is the units digit of (3 + d)/(-2) + 1?
2
Let l(o) be the third derivative of o**7/315 - o**6/720 + o**5/20 + 4*o**2. Let j(y) be the third derivative of l(y). What is the tens digit of j(1)?
1
Let h(g) = g**3 + 7*g**2 - g - 7. Let m be h(-5). What is the tens digit of m/5 - 2/(-5)?
1
Suppose 0 = -0*k + 3*k + 3. Let h = k - -16. What is the tens digit of h?
1
Suppose 0 = f + 4*f - 10. Suppose 0 = -f*g - 3 + 13. What is the units digit of g?
5
What is the units digit of (4 - 2) + (3 - 1)?
4
Suppose 3*x - 3 = -l - 1, -5*l - 24 = -2*x. Let f be (l/5)/((-2)/5). Suppose -y + f = -0*y. What is the units digit of y?
2
Suppose -8*v + 3*v + 140 = 0. What is the tens digit of v?
2
What is the units digit of (-5)/(-5) + 43 + 4?
8
Let g(y) = 32*y + 3. What is the tens digit of g(3)?
9
Suppose 19 = 4*o + 2*j - 71, 3*o = -2*j + 70. Suppose o = 3*t + 5. Let n = 14 - t. What is the units digit of n?
9
Suppose 0 = -o + 16 - 6. Suppose -4*z + 10 = -o. Suppose 3*t = z + 4. What is the units digit of t?
3
What is the units digit of 230/23 + -3 + -1?
6
Suppose 2 = x + 2*o - 0, 4*x - 53 = o. Let l = -10 + x. What is the units digit of l?
2
Let n(k) = 5*k**3 - 2*k**2 + k + 8. Let f = -3 + 4. Let i(z) = z**3 + z + 1. Let w(h) = f*n(h) - 4*i(h). What is the units digit of w(3)?
4
Let x be (0 - 0)/(-4 + 3). Suppose m - 4*m - 18 = x. What is the units digit of (m/(-4))/(6/8)?
2
Let n(i) = -i**2 + 8*i - 4. Let l be n(6). Suppose 4*a + 3 = -9. Let g = l + a. What is the units digit of g?
5
Let i(b) = b**3 + 8*b**2 + 4*b + 6. What is the tens digit of i(-4)?
5
Let q = 2 - 22. Let j = 27 + q. What is the units digit of j?
7
What is the units digit of ((-33)/9 + 3)*-3?
2
Let x(l) = l**3 + 12*l**2 - 2*l - 18. What is the units digit of x(-12)?
6
Suppose 0*n = 2*n - 2*x - 2, n + 3*x = 1. Suppose -5*i = 3*h + 25 - n, -3*i + 61 = -4*h. What is the units digit of (-132)/h + 8/(-52)?
0
Let f = -5 - -4. Let h be -25 - (f + 1 - 2). Let p = -16 - h. What is the units digit of p?
7
Suppose -3*r = -4*t - 179, 5*r + 93 = 2*t + 382. What is the tens digit of r?
5
Suppose 5 = -5*t, -3*z + 2*z + 11 = -3*t. What is the tens digit of 164/z + (-1)/2?
2
Suppose 4*s + 10 = -34. Let m = 19 + s. What is the units digit of m?
8
Let l(c) = -c - 8. Let r be l(0). Let a = r + 13. What is the units digit of a?
5
Let o(q) = q**3 - 6*q**2 + 5*q - 1. What is the tens digit of o(6)?
2
Let w be (0 + 2)*(-2)/(-4). Let g(r) = 3*r. Let p(z) = -10*z. Let c(m) = -14*g(m) - 5*p(m). What is the units digit of c(w)?
8
Let u be 4/16 - (-35)/4. Let k = u - 8. What is the units digit of k?
1
What is the tens digit of (-4)/(-22) - 612/(-22)?
2
Let s = 315 - 160. What is the tens digit of s?
5
Let v(h) = -1. Let x(c) = -c**3 - 3*c**2 + 3*c - 12. Let g(w) = -5*v(w) + x(w). What is the tens digit of g(-5)?
2
Suppose 0 = 4*y + 12 - 396. Suppose 2*s - 3 = -11, 5*t = -s + y. What is the tens digit of t?
2
Suppose -6*b + 4*b = -256. What is the tens digit of b?
2
Suppose -w - 72 = -5*w. What is the tens digit of w?
1
Let u(k) = k**2 + 5*k - 8. Let o be u(-8). Suppose 5*i - 19 = -4*r, 4*r - o = -3*i - i. What is the units digit of r?
1
Suppose 2*h - f = 3*h - 3, -5*h + f + 21 = 0. Suppose -8 = -h*m - 0*m. What is the units digit of m?
2
Suppose 3*d + 2 = -2*a, -d - 5*a - 5 = d. Suppose 0 = -d*q + 2*q - 20. Suppose -t = z - q, t + z + z = 12. What is the units digit of t?
8
Let g(u) be the third derivative of -u**4/8 - u**3/2 - u**2. Let k = -4 + 0. What is the units digit of g(k)?
9
Suppose -4*b - 2*y - 38 = 0, -b + 12 = -4*y - 1. Let m(j) = -j**3 - 6*j**2 + 6*j. What is the units digit of m(b)?
7
Suppose 2*m - 2*n = 2*n + 70, -5*n = -5. What is the units digit of m?
7
What is the units digit of 12/3*11*4?
6
Suppose -4*l + 2 = 90. Let w = -9 - l. What is the tens digit of w?
1
Let t(c) = -c**2 + 7*c - 8. Let o be t(7). What is the units digit of (-182)/o - 6/(-24)?
3
Suppose 10 = 4*m - 114. What is the tens digit of m?
3
What is the tens digit of (0/(-3) - 2)*(-567)/14?
8
Let x(t) = 11*t**3 + t**2 - 6. What is the tens digit of x(2)?
8
Let r(q) = 18*q + 4. Let w be r(10). What is the units digit of ((-6)/(-4))/(12/w)?
3
Let d be ((-112)/(-20))/((-3)/(-45)). Suppose -2*i + d = -0*i. Suppose -h - 5*t = 2*h - 21, -2*t + i = 4*h. What is the tens digit of h?
1
Let d(c) = -c**2 + 8*c + 13. Suppose f = -2*f - 5*z + 22, -4*z + 23 = 3*f. What is the units digit of d(f)?
4
Let w = -28 + 20. Let o = w - -32. What is the units digit of o?
4
Let y be 2/(-11) + 114/22. Suppose 2*j + 2*n = 7*n + 55, -y*j + 5*n + 100 = 0. What is the units digit of j?
5
Suppose 12 = 3*k, 0 = 2*u - 3*u - 4*k + 20. What is the tens digit of (2 - 0)*22/u?
1
Let b = 87 + -47. What is the units digit of b?
0
Suppose -6*o + 1562 = 206. What is the units digit of o?
6
Let g = -3 - -17. Let v(s) = 3*s + 9. What is the units digit of v(g)?
1
Let m(c) = -6*c**3 - 2*c**2 + 7*c. What is the tens digit of m(-3)?
2
Suppose 0 = -c + 2*c + d + 13, 5*c + 81 = 3*d. Let g be (-4)/(-2) - (-7 - c). What is the tens digit of 52/g*6/(-4)?
1
Let y = -39 - -83. What is the tens digit of y?
4
What is the units digit of 2/8 + (-1698)/(-24) + -1?
0
Let o be 3 + -1 + 3 - 1. Suppose 9*y - o*y - 55 = 0. What is the tens digit of y?
1
Let h(d) = -d**3 - 6*d**2 + 7. Let m be h(-6). Let r = m + -4. What is the tens digit of (1 - (-5 + r)) + 12?
1
Let p(z) = -2*z + 1. Let f be p(1). Let j be f/((-3)/39) - 2. Suppose -2*g - 30 = -2*y, -y + 2 = g - j. What is the units digit of y?
4
Suppose v - n = -9, 2*n - 55 = 5*v - 4. Let p = 1 - v. What is the tens digit of p?
1
Let g(l) = l. Let y be g(2). S